{"id":1164,"date":"2021-08-08T16:02:10","date_gmt":"2021-08-08T16:02:10","guid":{"rendered":"http:\/\/www.corayservicios.com\/?page_id=1164"},"modified":"2022-09-28T22:19:56","modified_gmt":"2022-09-28T22:19:56","slug":"servicios","status":"publish","type":"page","link":"https:\/\/www.corayservicios.com\/?page_id=1164","title":{"rendered":"Servicios"},"content":{"rendered":"<div data-colibri-id=\"1164-c1\" class=\"style-861 style-local-1164-c1 position-relative\">\n  <!---->\n  <div data-colibri-component=\"section\" data-colibri-id=\"1164-c2\" id=\"features\" class=\"h-section h-section-global-spacing d-flex align-items-lg-center align-items-md-center align-items-center style-862 style-local-1164-c2 position-relative\">\n    <!---->\n    <!---->\n    <div class=\"h-section-grid-container h-section-boxed-container\">\n      <div data-colibri-id=\"1164-c16\" class=\"h-row-container gutters-row-lg-2 gutters-row-md-2 gutters-row-0 gutters-row-v-lg-2 gutters-row-v-md-2 gutters-row-v-2 style-868 style-local-1164-c16 position-relative\">\n        <!---->\n        <div class=\"h-row justify-content-lg-center justify-content-md-center justify-content-center align-items-lg-stretch align-items-md-stretch align-items-stretch gutters-col-lg-2 gutters-col-md-2 gutters-col-0 gutters-col-v-lg-2 gutters-col-v-md-2 gutters-col-v-2\">\n          <!---->\n          <div class=\"h-column h-column-container d-flex h-col-lg-auto h-col-md-auto h-col-auto style-869-outer style-local-1164-c17-outer\">\n            <div data-colibri-id=\"1164-c17\" class=\"d-flex h-flex-basis h-column__inner h-px-lg-2 h-px-md-2 h-px-2 v-inner-lg-2 v-inner-md-2 v-inner-2 style-869 style-local-1164-c17 position-relative\">\n              <!---->\n              <!---->\n              <div class=\"w-100 h-y-container h-column__content h-column__v-align flex-basis-100 align-self-lg-start align-self-md-start align-self-start\">\n                <!---->\n                <div data-colibri-id=\"1164-c18\" class=\"h-global-transition-all h-heading style-871 style-local-1164-c18 position-relative h-element\">\n                  <!---->\n                  <div class=\"h-heading__outer style-871 style-local-1164-c18\">\n                    <!---->\n                    <!---->\n                    <h2 class=\"\">Nuestros Servicios<\/h2>\n                  <\/div>\n                <\/div>\n                <div data-colibri-id=\"1164-c19\" class=\"h-lead h-text h-text-component style-872 style-local-1164-c19 position-relative h-element\">\n                  <!---->\n                  <!---->\n                  <div class=\"\"><\/div>\n                <\/div>\n              <\/div>\n            <\/div>\n          <\/div>\n        <\/div>\n      <\/div>\n      <div data-colibri-id=\"1164-c3\" class=\"h-row-container gutters-row-lg-1 gutters-row-md-1 gutters-row-2 gutters-row-v-lg-1 gutters-row-v-md-1 gutters-row-v-2 style-863 style-local-1164-c3 position-relative\">\n        <!---->\n        <div class=\"h-row justify-content-lg-center justify-content-md-center justify-content-center align-items-lg-stretch align-items-md-stretch align-items-stretch gutters-col-lg-1 gutters-col-md-1 gutters-col-2 gutters-col-v-lg-1 gutters-col-v-md-1 gutters-col-v-2\">\n          <!---->\n          <div class=\"h-column h-column-container d-flex h-col-lg-4 h-col-md-6 h-col-12 style-864-outer style-local-1164-c4-outer\">\n            <div data-colibri-id=\"1164-c4\" class=\"d-flex h-flex-basis h-column__inner h-px-lg-0 h-px-md-0 h-px-2 v-inner-lg-0 v-inner-md-0 v-inner-2 style-864 style-local-1164-c4 position-relative\">\n              <!---->\n              <!---->\n              <div class=\"w-100 h-y-container h-column__content h-column__v-align flex-basis-100 align-self-lg-start align-self-md-start align-self-start\">\n                <!---->\n                <div data-colibri-id=\"1164-c5\" class=\"h-icon style-865 style-local-1164-c5 position-relative h-element\">\n                  <!----><span class=\"h-svg-icon h-icon__icon style-865-icon style-local-1164-c5-icon\"><!--Icon by Icons8 Line Awesome (https:\/\/icons8.com\/line-awesome)--><svg version=\"1.1\" xmlns=\"http:\/\/www.w3.org\/2000\/svg\" xmlns:xlink=\"http:\/\/www.w3.org\/1999\/xlink\" id=\"connectdevelop\" viewBox=\"0 0 512 545.5\"><path d=\"M146.5 99h219l4.5 8 100 174.5 4.5 8-4.5 8L370 472l-4.5 8h-219l-4.5-8L42 297.5l-4.5-8 4.5-8L142 107zm39 32l25 26 73-26h-98zm146 0L223 169.5l35 36.5zm-167 1.5l-.5 1V174l30.5-11zm184.5 3l-79.5 82 57 59L391 208zm-201 26L135 184l13-4.5v-18zm58.5 14L164 191v62l23.5 25 59.5-60.5zm-58.5 21l-25.5 9-1 2L148 236v-39.5zM113 222l-38.5 67.5 38 66L148 319v-59.5zm285 2l-60.5 64 38.5 39.5zm-140 5l-59.5 61 57.5 61 59.5-63zm152.5 13.5l-20.5 99 11 11.5 36.5-63.5zm-246.5 34v26l12.5-13zm162.5 23L267 363l8.5 9H367l5.5-25.5zm-139 2L164 325v47h72l9-9zm-39.5 40L120.5 370l1.5 2h26v-30.5zm238 19l-2.5 11.5h6.5l2.5-4.5zM131 388l17 29.5V388h-17zm33 0v57.5l1 2 56-59.5h-57zm79 0l-56.5 60h138l-56-60H243zm47.5 0l56 60 7-12 10-48h-73zm89.5 0l-.5 2.5 1.5-2.5h-1z\"><\/path><\/svg><\/span><\/div>\n                <div\n                  data-colibri-id=\"1164-c6\" class=\"h-global-transition-all h-heading style-866 style-local-1164-c6 position-relative h-element\">\n                  <!---->\n                  <div class=\"h-heading__outer style-866 style-local-1164-c6\">\n                    <!---->\n                    <!---->\n                    <h4 class=\"\">Dise\u00f1o y planeamiento de proyectos<\/h4>\n                  <\/div>\n              <\/div>\n              <div data-colibri-id=\"1164-c7\" class=\"h-text h-text-component style-867 style-local-1164-c7 position-relative h-element\">\n                <!---->\n                <!---->\n                <div class=\"\">\n                  <p>Dise\u00f1o y desarrollo de la Ingenier\u00eda de proyectos.<\/p>\n                  <p>Procura y construcci\u00f3n de proyectos.<\/p>\n                  <p>Mantenimiento, ampliaci\u00f3n y remodelaciones<\/p>\n                <\/div>\n              <\/div>\n            <\/div>\n          <\/div>\n        <\/div>\n        <div class=\"h-column h-column-container d-flex h-col-lg-4 h-col-md-6 h-col-12 style-864-outer style-local-1164-c8-outer\">\n          <div data-colibri-id=\"1164-c8\" class=\"d-flex h-flex-basis h-column__inner h-px-lg-0 h-px-md-0 h-px-2 v-inner-lg-0 v-inner-md-0 v-inner-2 style-864 style-local-1164-c8 position-relative\">\n            <!---->\n            <!---->\n            <div class=\"w-100 h-y-container h-column__content h-column__v-align flex-basis-100 align-self-lg-start align-self-md-start align-self-start\">\n              <!---->\n              <div data-colibri-id=\"1164-c9\" class=\"h-icon style-865 style-local-1164-c9 position-relative h-element\">\n                <!----><span class=\"h-svg-icon h-icon__icon style-865-icon style-local-1164-c9-icon\"><!--Icon by Material Icons (https:\/\/material.io)--><svg version=\"1.1\" xmlns=\"http:\/\/www.w3.org\/2000\/svg\" xmlns:xlink=\"http:\/\/www.w3.org\/1999\/xlink\" id=\"build\" viewBox=\"0 0 512 512\"><path d=\"M484 405q7 4 6.5 13.5T482 435l-49 49q-15 15-30 0L209 290q-36 15-76.5 6.5T62 258q-32-32-40-76t12-82l94 92 64-64-92-92q38-18 82-11t76 39q30 30 38.5 70.5T290 211l194 194z\"><\/path><\/svg><\/span><\/div>\n              <div\n                data-colibri-id=\"1164-c10\" class=\"h-global-transition-all h-heading style-866 style-local-1164-c10 position-relative h-element\">\n                <!---->\n                <div class=\"h-heading__outer style-866 style-local-1164-c10\">\n                  <!---->\n                  <!---->\n                  <h4 class=\"\">Construccion y mantenimiento<\/h4>\n                <\/div>\n            <\/div>\n            <div data-colibri-id=\"1164-c11\" class=\"h-text h-text-component style-867 style-local-1164-c11 position-relative h-element\">\n              <!---->\n              <!---->\n              <div class=\"\">\n                <p>Consultor\u00eda y desarrollo de ingenier\u00eda de proyectos de remodelaci\u00f3n, implementaci\u00f3n y construcci\u00f3n.<\/p>\n                <p>Procura y construcci\u00f3n de proyectos residenciales, comerciales o industriales.<\/p>\n                <p>Mantenimiento de edificaciones residenciales, comerciales e industriales.<\/p>\n                <p>Mantenimiento preventivo y correctivo de Sistemas el\u00e9ctricos, sistemas automatizados, climatizaci\u00f3n, seguridad y sistemas sanitarios<\/p>\n              <\/div>\n            <\/div>\n          <\/div>\n        <\/div>\n      <\/div>\n      <div class=\"h-column h-column-container d-flex h-col-lg-4 h-col-md-6 h-col-12 style-864-outer style-local-1164-c12-outer\">\n        <div data-colibri-id=\"1164-c12\" class=\"d-flex h-flex-basis h-column__inner h-px-lg-0 h-px-md-0 h-px-2 v-inner-lg-0 v-inner-md-0 v-inner-2 style-864 style-local-1164-c12 position-relative\">\n          <!---->\n          <!---->\n          <div class=\"w-100 h-y-container h-column__content h-column__v-align flex-basis-100 align-self-lg-start align-self-md-start align-self-start\">\n            <!---->\n            <div data-colibri-id=\"1164-c13\" class=\"h-icon style-865 style-local-1164-c13 position-relative h-element\">\n              <!----><span class=\"h-svg-icon h-icon__icon style-865-icon style-local-1164-c13-icon\"><!--Icon by Font Awesome (https:\/\/fontawesome.com)-->\n    <svg version=\"1.1\" xmlns=\"http:\/\/www.w3.org\/2000\/svg\" xmlns:xlink=\"http:\/\/www.w3.org\/1999\/xlink\" id=\"tachometer\" viewBox=\"0 0 1792 1896.0833\">\n      <path d=\"M384 1152q0-53-37.5-90.5T256 1024t-90.5 37.5T128 1152t37.5 90.5T256 1280t90.5-37.5T384 1152zm192-448q0-53-37.5-90.5T448 576t-90.5 37.5T320 704t37.5 90.5T448 832t90.5-37.5T576 704zm428 481l101-382q6-26-7.5-48.5T1059 725t-48 6.5-30 39.5l-101 382q-60 5-107 43.5t-63 98.5q-20 77 20 146t117 89 146-20 89-117q16-60-6-117t-72-91zm660-33q0-53-37.5-90.5T1536 1024t-90.5 37.5-37.5 90.5 37.5 90.5 90.5 37.5 90.5-37.5 37.5-90.5zm-640-640q0-53-37.5-90.5T896 384t-90.5 37.5T768 512t37.5 90.5T896 640t90.5-37.5T1024 512zm448 192q0-53-37.5-90.5T1344 576t-90.5 37.5T1216 704t37.5 90.5T1344 832t90.5-37.5T1472 704zm320 448q0 261-141 483-19 29-54 29H195q-35 0-54-29Q0 1414 0 1152q0-182 71-348t191-286 286-191 348-71 348 71 286 191 191 286 71 348z\"><\/path>\n    <\/svg><\/span><\/div>\n            <div data-colibri-id=\"1164-c14\" class=\"h-global-transition-all h-heading style-866 style-local-1164-c14 position-relative h-element\">\n              <!---->\n              <div class=\"h-heading__outer style-866 style-local-1164-c14\">\n                <!---->\n                <!---->\n                <h4 class=\"\">Consultor\u00eda y supervisi\u00f3n de proyectos<\/h4>\n              <\/div>\n            <\/div>\n            <div data-colibri-id=\"1164-c15\" class=\"h-text h-text-component style-867 style-local-1164-c15 position-relative h-element\">\n              <!---->\n              <!---->\n              <div class=\"\">\n                <p>Elaboraci\u00f3n de bases, concursos de obras y evaluaci\u00f3n de ofertas.<\/p>\n                <p>Selecci\u00f3n de contratistas y revisi\u00f3n de contratos.<\/p>\n                <p>Control y seguimiento en obra de presupuestos, cronograma y calidad.<\/p>\n                <p>Elaboraci\u00f3n de Informes Gerenciales.<\/p>\n                <p>Liquidaciones y cierre de obra.<\/p>\n                <p>Revisi\u00f3n de dossier final de obra.<\/p>\n              <\/div>\n            <\/div>\n          <\/div>\n        <\/div>\n      <\/div>\n    <\/div>\n  <\/div>\n<\/div>\n<\/div>\n<div data-colibri-component=\"section\" data-colibri-id=\"1164-c20\" id=\"about\" class=\"h-section h-section-global-spacing d-flex align-items-lg-center align-items-md-center align-items-center style-873 style-local-1164-c20 position-relative\">\n  <!---->\n  <!---->\n  <div class=\"h-section-grid-container h-section-boxed-container\">\n    <!---->\n    <div data-colibri-id=\"1164-c21\" class=\"h-row-container gutters-row-lg-2 gutters-row-md-2 gutters-row-0 gutters-row-v-lg-2 gutters-row-v-md-2 gutters-row-v-2 style-894 style-local-1164-c21 position-relative\">\n      <!---->\n      <div class=\"h-row justify-content-lg-center justify-content-md-center justify-content-center align-items-lg-stretch align-items-md-stretch align-items-stretch gutters-col-lg-2 gutters-col-md-2 gutters-col-0 gutters-col-v-lg-2 gutters-col-v-md-2 gutters-col-v-2\">\n        <!---->\n        <div class=\"h-column h-column-container d-flex h-col-lg-auto h-col-md-auto h-col-auto style-895-outer style-local-1164-c22-outer\">\n          <div data-colibri-id=\"1164-c22\" class=\"d-flex h-flex-basis h-column__inner h-px-lg-2 h-px-md-2 h-px-2 v-inner-lg-2 v-inner-md-2 v-inner-2 style-895 style-local-1164-c22 position-relative\">\n            <!---->\n            <!---->\n            <div class=\"w-100 h-y-container h-column__content h-column__v-align flex-basis-100 align-self-lg-start align-self-md-start align-self-start\">\n              <!---->\n              <div data-colibri-id=\"1164-c23\" class=\"h-global-transition-all h-heading style-896 style-local-1164-c23 position-relative h-element\">\n                <!---->\n                <div class=\"h-heading__outer style-896 style-local-1164-c23\">\n                  <!---->\n                  <!---->\n                  <h2 class=\"\">Nuestra Experiencia<\/h2>\n                <\/div>\n              <\/div>\n            <\/div>\n          <\/div>\n        <\/div>\n      <\/div>\n    <\/div>\n    <div data-colibri-id=\"1164-c24\" class=\"h-row-container gutters-row-lg-2 gutters-row-md-2 gutters-row-2 gutters-row-v-lg-2 gutters-row-v-md-2 gutters-row-v-2 style-874 style-local-1164-c24 position-relative\">\n      <!---->\n      <div class=\"h-row justify-content-lg-center justify-content-md-center justify-content-center align-items-lg-stretch align-items-md-stretch align-items-stretch gutters-col-lg-2 gutters-col-md-2 gutters-col-2 gutters-col-v-lg-2 gutters-col-v-md-2 gutters-col-v-2\">\n        <!---->\n        <div class=\"h-column h-column-container d-flex h-col-lg-auto h-col-md-auto h-col-auto style-875-outer style-local-1164-c25-outer\">\n          <div data-colibri-id=\"1164-c25\" class=\"d-flex h-flex-basis h-column__inner h-ui-empty-state-container h-px-lg-0 h-px-md-0 h-px-0 v-inner-lg-0 v-inner-md-0 v-inner-0 style-875 style-local-1164-c25 position-relative\">\n            <!---->\n            <!---->\n            <div class=\"w-100 h-y-container h-column__content h-column__v-align flex-basis-100\">\n              <!---->\n            <\/div>\n          <\/div>\n        <\/div>\n      <\/div>\n    <\/div>\n    <div data-colibri-id=\"1164-c26\" class=\"h-row-container gutters-row-lg-2 gutters-row-md-2 gutters-row-0 gutters-row-v-lg-2 gutters-row-v-md-2 gutters-row-v-2 style-876 style-local-1164-c26 position-relative\">\n      <!---->\n      <div class=\"h-row justify-content-lg-center justify-content-md-center justify-content-center align-items-lg-stretch align-items-md-stretch align-items-stretch gutters-col-lg-2 gutters-col-md-2 gutters-col-0 gutters-col-v-lg-2 gutters-col-v-md-2 gutters-col-v-2\">\n        <!---->\n        <div class=\"h-column h-column-container d-flex h-col-lg-3 h-col-md-3 h-col-12 style-877-outer style-local-1164-c27-outer\">\n          <div data-colibri-id=\"1164-c27\" class=\"d-flex h-flex-basis h-column__inner h-px-lg-0 h-px-md-0 h-px-0 v-inner-lg-0 v-inner-md-0 v-inner-0 style-877 style-local-1164-c27 position-relative\">\n            <!---->\n            <!---->\n            <div class=\"w-100 h-y-container h-column__content h-column__v-align flex-basis-100 align-self-lg-start align-self-md-start align-self-start\">\n              <!---->\n              <div data-colibri-id=\"1164-c28\" class=\"h-icon style-865 style-local-1164-c28 position-relative h-element\">\n                <!----><span class=\"h-svg-icon h-icon__icon style-865-icon style-local-1164-c28-icon\"><!--Icon by Icons8 Line Awesome (https:\/\/icons8.com\/line-awesome)--><svg version=\"1.1\" xmlns=\"http:\/\/www.w3.org\/2000\/svg\" xmlns:xlink=\"http:\/\/www.w3.org\/1999\/xlink\" id=\"rocket\" viewBox=\"0 0 512 545.5\"><path d=\"M414.5 96c11.153.006 18 .5 18 .5l14.5.5.5 14.5s1.58 28.133-1.5 61-8.242 71.254-31.5 94.5c-19.403 19.395-71.8 59.786-121 97.5-9.982 7.65-9.718 7.454-19 14.5l1.5 27c1.088 20.452-7.567 40.117-23.5 53l-41 33.5L191 509l-5.5-26-10.5-52.5-61.5-61.5L61 358.5l-26-5 16.5-21 33.5-41c12.884-15.913 32.548-24.588 53-23.5l27.5 1.5c6.88-9.028 6.56-8.8 14-18.5 37.648-49.083 78.293-101.302 98-121 23.46-23.45 61.224-28.957 94-32 16.39-1.522 31.847-2.006 43-2zM400 128c-6.362.023-14.555.483-25.5 1.5-30.168 2.8-63.56 12.066-74.5 23-14.692 14.685-58.02 69.135-95.5 118-33.03 43.065-55.41 73.67-62 82.5l49 49c8.696-6.49 39.187-29.8 82.5-63 48.987-37.55 103.224-80.73 117.5-95 10.423-10.418 19.657-44.176 22.5-74.5 2.063-22.007 1.687-31.706 1.5-41-4.607-.11-9.138-.523-15.5-.5zm-73 56.5c17.867 0 32.5 14.633 32.5 32.5s-14.633 32.5-32.5 32.5-32-14.633-32-32.5 14.133-32.5 32-32.5zM136 300c-10.235-.544-20.056 4.04-26.5 12L93 332l21.5 4.5c2.11-2.81 17.863-23.257 27.5-36zm-36.5 83l22.5 22.5c-6.03 6.035-13.124 21.168-18 34.5 12.77-4.636 26.868-10.868 34-18l22.5 22.5c-14.297 14.297-33.266 22.156-49 27.5S83 479.5 83 479.5L59.5 484l5-23.5s2.475-13.122 8-29 13.33-34.818 27-48.5zm144 19c-12.752 9.572-33.188 25.406-36 27.5L212 451l20.5-16.5c7.972-6.445 12.044-16.265 11.5-26.5z\"><\/path><\/svg><\/span><\/div>\n              <div\n                data-colibri-id=\"1164-c29\" class=\"h-global-transition-all h-heading style-878 style-local-1164-c29 position-relative h-element\">\n                <!---->\n                <div class=\"h-heading__outer style-878 style-local-1164-c29\">\n                  <!---->\n                  <!---->\n                  <h4 class=\"\">La Misi\u00f3n<\/h4>\n                <\/div>\n            <\/div>\n            <div data-colibri-id=\"1164-c30\" class=\"h-text h-text-component style-879 style-local-1164-c30 position-relative h-element\">\n              <!---->\n              <!---->\n              <div class=\"\">\n                <p>Cumplir a cabalidad con las expectativas de nuestros clientes,&nbsp;poniendo en praxis los principios&nbsp;del planeamiento, formulaci\u00f3n y ejecuci\u00f3n de los&nbsp;proyectos encargados.<\/p>\n              <\/div>\n            <\/div>\n          <\/div>\n        <\/div>\n      <\/div>\n      <div class=\"h-column h-column-container d-flex h-col-lg-3 h-col-md-3 h-col-12 style-877-outer style-local-1164-c31-outer\">\n        <div data-colibri-id=\"1164-c31\" class=\"d-flex h-flex-basis h-column__inner h-px-lg-0 h-px-md-0 h-px-0 v-inner-lg-0 v-inner-md-0 v-inner-0 style-877 style-local-1164-c31 position-relative\">\n          <!---->\n          <!---->\n          <div class=\"w-100 h-y-container h-column__content h-column__v-align flex-basis-100 align-self-lg-start align-self-md-start align-self-start\">\n            <!---->\n            <div data-colibri-id=\"1164-c32\" class=\"h-icon style-865 style-local-1164-c32 position-relative h-element\">\n              <!----><span class=\"h-svg-icon h-icon__icon style-865-icon style-local-1164-c32-icon\"><!--Icon by Icons8 Line Awesome (https:\/\/icons8.com\/line-awesome)--><svg version=\"1.1\" xmlns=\"http:\/\/www.w3.org\/2000\/svg\" xmlns:xlink=\"http:\/\/www.w3.org\/1999\/xlink\" id=\"archive\" viewBox=\"0 0 512 545.5\"><path d=\"M64 112h384v96h-16v256H80V208H64v-96zm32 32v32h320v-32H96zm16 64v224h288V208H112zm93 32c.207-.01.543-.018.75-.018s.543.008.75.018c.207-.01.543-.018.75-.018s.543.008.75.018h96l.227-.002c8.833 0 16 7.17 16 16.002s-7.167 16.002-16 16.002L304 272h-96c-.413.04-1.085.07-1.5.07-8.87 0-16.07-7.2-16.07-16.07 0-8.078 6.527-15.246 14.57-16z\"><\/path><\/svg><\/span><\/div>\n            <div\n              data-colibri-id=\"1164-c33\" class=\"h-global-transition-all h-heading style-878 style-local-1164-c33 position-relative h-element\">\n              <!---->\n              <div class=\"h-heading__outer style-878 style-local-1164-c33\">\n                <!---->\n                <!---->\n                <h4 class=\"\">Nuestros Valores<\/h4>\n              <\/div>\n          <\/div>\n          <div data-colibri-id=\"1164-c34\" class=\"h-text h-text-component style-879 style-local-1164-c34 position-relative h-element\">\n            <!---->\n            <!---->\n            <div class=\"\">\n              <p>El cumplimiento de los entandares de CALIDAD en cada uno de nuestros procesos.<\/p>\n              <p>Mantener la \u00c9TICA PROFESIONAL Y FINANCIERA ante cualquier situaci\u00f3n y el COMPROMISO como lineamientos de la empresa.<\/p>\n              <p>Promover el RESPETO, DESARROLLO PERSONAL, CREATIVIDAD, INGENIO Y PROACTIVIDAD.<\/p>\n              <p>Promover el TRABAJO EN EQUIPO para el desarrollo y ejecuci\u00f3n de cada una de nuestras actividades.<\/p>\n            <\/div>\n          <\/div>\n        <\/div>\n      <\/div>\n    <\/div>\n  <\/div>\n<\/div>\n<\/div>\n<\/div>\n<div data-colibri-component=\"section\" data-colibri-id=\"1164-c35\" id=\"cta\" class=\"h-section h-section-global-spacing d-flex align-items-lg-center align-items-md-center align-items-center style-885 style-local-1164-c35 position-relative\">\n  <div class=\"background-wrapper\">\n    <div class=\"background-layer background-layer-media-container-lg\">\n      <!---->\n      <div class=\"overlay-layer\">\n        <div class=\"overlay-image-layer\" style=\"background-color: rgb(0, 0, 0); opacity: 0.6;\"><\/div>\n      <\/div>\n    <\/div>\n    <div class=\"background-layer background-layer-media-container-md\">\n      <!---->\n      <div class=\"overlay-layer\">\n        <div class=\"overlay-image-layer\" style=\"background-color: rgb(0, 0, 0); opacity: 0.6;\"><\/div>\n      <\/div>\n    <\/div>\n    <div class=\"background-layer background-layer-media-container\">\n      <!---->\n      <div class=\"overlay-layer\">\n        <div class=\"overlay-image-layer\" style=\"background-color: rgb(0, 0, 0); opacity: 0.6;\"><\/div>\n      <\/div>\n    <\/div>\n  <\/div>\n  <!---->\n  <div class=\"h-section-grid-container h-section-boxed-container\">\n    <!---->\n    <div data-colibri-id=\"1164-c36\" class=\"h-row-container gutters-row-lg-2 gutters-row-md-2 gutters-row-0 gutters-row-v-lg-2 gutters-row-v-md-2 gutters-row-v-2 style-886 style-local-1164-c36 position-relative\">\n      <!---->\n      <div class=\"h-row justify-content-lg-center justify-content-md-center justify-content-center align-items-lg-stretch align-items-md-stretch align-items-stretch gutters-col-lg-2 gutters-col-md-2 gutters-col-0 gutters-col-v-lg-2 gutters-col-v-md-2 gutters-col-v-2\">\n        <!---->\n        <div class=\"h-column h-column-container d-flex h-col-lg-auto h-col-md-auto h-col-auto style-887-outer style-local-1164-c37-outer\">\n          <div data-colibri-id=\"1164-c37\" class=\"d-flex h-flex-basis h-column__inner h-px-lg-2 h-px-md-2 h-px-2 v-inner-lg-2 v-inner-md-2 v-inner-2 style-887 style-local-1164-c37 position-relative\">\n            <!---->\n            <!---->\n            <div class=\"w-100 h-y-container h-column__content h-column__v-align flex-basis-100 align-self-lg-start align-self-md-start align-self-start\">\n              <!---->\n              <div data-colibri-id=\"1164-c38\" class=\"h-global-transition-all h-heading style-888 style-local-1164-c38 position-relative h-element\">\n                <!---->\n                <div class=\"h-heading__outer style-888 style-local-1164-c38\">\n                  <!---->\n                  <!---->\n                  <h3 class=\"\">\u00a1Amamos lo que hacemos!<\/h3>\n                <\/div>\n              <\/div>\n            <\/div>\n          <\/div>\n        <\/div>\n      <\/div>\n    <\/div>\n    <div data-colibri-id=\"1164-c39\" class=\"h-row-container gutters-row-lg-2 gutters-row-md-2 gutters-row-0 gutters-row-v-lg-2 gutters-row-v-md-2 gutters-row-v-2 style-897 style-local-1164-c39 position-relative\">\n      <!---->\n      <div class=\"h-row justify-content-lg-center justify-content-md-center justify-content-center align-items-lg-stretch align-items-md-stretch align-items-stretch gutters-col-lg-2 gutters-col-md-2 gutters-col-0 gutters-col-v-lg-2 gutters-col-v-md-2 gutters-col-v-2\">\n        <!---->\n        <div class=\"h-column h-column-container d-flex h-col-lg-auto h-col-md-auto h-col-auto style-898-outer style-local-1164-c40-outer\">\n          <div data-colibri-id=\"1164-c40\" class=\"d-flex h-flex-basis h-column__inner h-ui-empty-state-container h-px-lg-2 h-px-md-2 h-px-2 v-inner-lg-2 v-inner-md-2 v-inner-2 style-898 style-local-1164-c40 position-relative\">\n            <!---->\n            <!---->\n            <div class=\"w-100 h-y-container h-column__content h-column__v-align flex-basis-100\">\n              <!---->\n            <\/div>\n          <\/div>\n        <\/div>\n      <\/div>\n    <\/div>\n  <\/div>\n<\/div>\n<\/div>","protected":false},"excerpt":{"rendered":"<p>Nuestros Servicios Dise\u00f1o y planeamiento de proyectos Dise\u00f1o y desarrollo de la Ingenier\u00eda de proyectos. Procura y construcci\u00f3n de proyectos. Mantenimiento, ampliaci\u00f3n y remodelaciones Construccion y mantenimiento Consultor\u00eda y desarrollo de ingenier\u00eda de proyectos de remodelaci\u00f3n, implementaci\u00f3n y construcci\u00f3n. Procura y construcci\u00f3n de proyectos residenciales, comerciales o industriales. Mantenimiento de edificaciones residenciales, comerciales e industriales. [&hellip;]<\/p>\n","protected":false},"author":1,"featured_media":0,"parent":0,"menu_order":0,"comment_status":"closed","ping_status":"closed","template":"page-templates\/full-width-page.php","meta":{"footnotes":""},"class_list":["post-1164","page","type-page","status-publish","hentry"],"_links":{"self":[{"href":"https:\/\/www.corayservicios.com\/index.php?rest_route=\/wp\/v2\/pages\/1164","targetHints":{"allow":["GET"]}}],"collection":[{"href":"https:\/\/www.corayservicios.com\/index.php?rest_route=\/wp\/v2\/pages"}],"about":[{"href":"https:\/\/www.corayservicios.com\/index.php?rest_route=\/wp\/v2\/types\/page"}],"author":[{"embeddable":true,"href":"https:\/\/www.corayservicios.com\/index.php?rest_route=\/wp\/v2\/users\/1"}],"replies":[{"embeddable":true,"href":"https:\/\/www.corayservicios.com\/index.php?rest_route=%2Fwp%2Fv2%2Fcomments&post=1164"}],"version-history":[{"count":7,"href":"https:\/\/www.corayservicios.com\/index.php?rest_route=\/wp\/v2\/pages\/1164\/revisions"}],"predecessor-version":[{"id":1271,"href":"https:\/\/www.corayservicios.com\/index.php?rest_route=\/wp\/v2\/pages\/1164\/revisions\/1271"}],"wp:attachment":[{"href":"https:\/\/www.corayservicios.com\/index.php?rest_route=%2Fwp%2Fv2%2Fmedia&parent=1164"}],"curies":[{"name":"wp","href":"https:\/\/api.w.org\/{rel}","templated":true}]}}